se
Is 652 a factor of 715896?
True
Does 323 divide 5066578?
True
Is 8449879 a multiple of 1394?
False
Is 602871 a multiple of 17?
True
Is 34599 a multiple of 19?
True
Is 113149 a multiple of 2?
False
Is 1291 a factor of 15524138?
False
Does 11 divide 603881?
False
Does 10 divide 22837?
False
Is 400 a factor of 187439?
False
Does 394 divide 217566?
False
Does 84 divide 82656?
True
Is 241 a factor of 95772?
False
Is 4340168 a multiple of 4?
True
Does 7 divide 626948?
True
Does 4 divide 13120?
True
Is 9 a factor of 7293519?
True
Is 69894 a multiple of 7?
False
Is 6057279 a multiple of 26?
False
Is 458379 a multiple of 3?
True
Is 2590856 a multiple of 62?
True
Is 50 a factor of 99900?
True
Does 49 divide 2057640?
False
Is 43 a factor of 1727684?
False
Is 639 a factor of 2140011?
True
Does 25 divide 137725?
True
Is 22 a factor of 20284?
True
Does 22 divide 97020?
True
Does 5 divide 36583?
False
Is 695420 a multiple of 55?
True
Is 485394 a multiple of 98?
True
Is 1176184 a multiple of 631?
True
Is 1176112 a multiple of 16?
True
Is 320438 a multiple of 33?
False
Is 222107 a multiple of 395?
False
Does 9 divide 461509?
False
Is 4272 a multiple of 4?
True
Is 54 a factor of 35098?
False
Does 20 divide 912521?
False
Is 1402 a factor of 12233406?
False
Is 237545 a multiple of 11?
True
Does 2112 divide 2000064?
True
Does 179 divide 46898?
True
Is 1780361 a multiple of 4?
False
Is 3469388 a multiple of 53?
False
Is 95 a factor of 4618582?
False
Is 37 a factor of 139730?
False
Is 144768 a multiple of 78?
True
Is 27 a factor of 16402?
False
Does 53 divide 12524854?
True
Is 674712 a multiple of 8?
True
Is 7 a factor of 54936?
True
Is 396 a factor of 829059?
False
Is 229810 a multiple of 90?
False
Does 102 divide 4953704?
False
Is 419808 a multiple of 12?
True
Is 274 a factor of 302222?
True
Is 190 a factor of 503500?
True
Is 124 a factor of 6524880?
True
Does 203 divide 251517?
True
Does 238 divide 850692?
False
Does 32 divide 206400?
True
Is 6 a factor of 15986?
False
Is 14 a factor of 272804?
True
Does 22 divide 28160?
True
Does 4 divide 6543848?
True
Does 7 divide 18662?
True
Is 995280 a multiple of 55?
True
Is 65001 a multiple of 44?
False
Does 15 divide 14202162?
False
Does 17 divide 6358?
True
Is 7328156 a multiple of 396?
False
Does 965 divide 5104850?
True
Does 224 divide 2803736?
False
Is 20011378 a multiple of 1186?
True
Does 360 divide 120039?
False
Is 1374700 a multiple of 50?
True
Is 6089248 a multiple of 44?
True
Is 20 a factor of 104475?
False
Is 4 a factor of 1016078?
False
Is 135772 a multiple of 14?
True
Is 23067 a multiple of 9?
True
Does 40 divide 46400?
True
Is 88 a factor of 192811?
False
Is 8159760 a multiple of 12?
True
Is 25284 a multiple of 86?
True
Does 218 divide 49922?
True
Is 56545 a multiple of 84?
False
Is 102803 a multiple of 223?
True
Is 29 a factor of 227215?
True
Is 1538 a factor of 13232140?
False
Is 8 a factor of 1316296?
True
Is 346748 a multiple of 59?
False
Is 219 a factor of 1484601?
True
Does 3 divide 1530739?
False
Does 57 divide 1630314?
True
Is 4769337 a multiple of 6?
False
Does 37 divide 229373?
False
Is 55 a factor of 394405?
True
Is 3 a factor of 52171?
False
Is 27 a factor of 5411883?
False
Is 37 a factor of 802130?
False
Does 585 divide 228150?
True
Is 99 a factor of 1477509?
False
Does 20 divide 8430660?
True
Does 27 divide 56735?
False
Is 40 a factor of 45627?
False
Is 164 a factor of 13187866?
False
Is 154602 a multiple of 27?
True
Is 161820 a multiple of 900?
False
Does 66 divide 137874?
True
Does 8 divide 967848?
True
Is 88 a factor of 16851275?
False
Is 667521 a multiple of 3?
True
Is 767 a factor of 1796524?
False
Is 372242 a multiple of 147?
False
Does 15 divide 174852?
False
Does 44 divide 252824?
True
Does 1483 divide 4666439?
False
Does 57 divide 710167?
False
Does 346 divide 13865604?
True
Is 12003132 a multiple of 1084?
True
Does 8 divide 920008?
True
Is 746062 a multiple of 34?
True
Does 38 divide 31274?
True
Is 90 a factor of 663570?
True
Is 5 a factor of 128917?
False
Is 17612714 a multiple of 54?
False
Is 37 a factor of 303944?
False
Does 584 divide 841044?
False
Is 2109695 a multiple of 553?
True
Is 795001 a multiple of 637?
False
Is 2309314 a multiple of 14?
True
Is 131 a factor of 135784?
False
Does 76 divide 134900?
True
Is 1246252 a multiple of 47?
True
Does 1740 divide 14164151?
False
Is 17 a factor of 4763672?
True
Does 360 divide 2210170?
False
Does 478 divide 2303004?
True
Is 109 a factor of 89598?
True
Is 9 a factor of 549981?
True
Is 266 a factor of 1067990?
True
Is 78972 a multiple of 12?
True
Does 145 divide 702235?
True
Is 191836 a multiple of 550?
False
Is 59 a factor of 1783924?
True
Is 133278 a multiple of 6?
True
Is 1340208 a multiple of 369?
True
Is 3044249 a multiple of 17?
False
Is 2576000 a multiple of 896?
True
Is 996588 a multiple of 342?
True
Is 26 a factor of 988754?
True
Does 36 divide 37436?
False
Is 41 a factor of 13849992?
False
Is 3514038 a multiple of 33?
True
Does 38 divide 35036?
True
Does 84 divide 104133?
False
Is 15 a factor of 1415020?
False
Is 869899 a multiple of 166?
False
Does 17 divide 1712393?
True
Is 351624 a multiple of 4?
True
Is 91084 a multiple of 28?
True
Does 9 divide 168723?
True
Does 145 divide 1176530?
True
Is 200 a factor of 1154667?
False
Is 15 a factor of 972547?
False
Does 918 divide 2194337?
False
Is 4 a factor of 483029?
False
Is 191500 a multiple of 391?
False
Does 33 divide 605616?
True
Is 1608233 a multiple of 964?
False
Does 44 divide 20536?
False
Is 20 a factor of 5361460?
True
Is 104 a factor of 5104156?
False
Is 1073049 a multiple of 614?
False
Does 24 divide 1156608?
True
Is 23772 even?
True
Is 9788428 a multiple of 26?
True
Is 16 a factor of 152688?
True
Does 438 divide 10475582?
False
Does 13 divide 121199?
True
Is 19 a factor of 5358?
True
Is 542317 a multiple of 437?
True
Is 80 a factor of 87600?
True
Is 258 a factor of 819942?
False
Is 1616745 a multiple of 65?
True
Is 50464 a multiple of 332?
True
Does 27 divide 999703?
False
Is 70517 a multiple of 26?
False
Does 20 divide 842327?
False
Is 78 a factor of 648414?
True
Is 1103 a factor of 14798951?
True
Does 47 divide 2674582?
True
Is 4445874 a multiple of 58?
True
Is 25285 a multiple of 12?
False
Is 18 a factor of 1543741?
False
Is 6939 a multiple of 27?
True
Is 303620 a multiple of 11?
False
Is 5 a factor of 54598?
False
Does 35 divide 761225?
False
Is 42 a factor of 1494528?
True
Does 8 divide 20140?
False
Is 93133 a multiple of 8?
False
Does 37 divide 39236?
False
Does 10 divide 8565850?
True
Does 42 divide 157679?
False
Is 14 a factor of 2184252?
True
Is 46756 even?
True
Is 11 a factor of 22572718?
False
Is 218593 a multiple of 348?
False
Does 25 divide 9083052?
False
Is 70 a factor of 70?
True
Does 127 divide 205613?
True
Does 415 divide 95035?
True
Is 1170643 a multiple of 273?
False
Is 416166 a multiple of 417?
True
Does 5 divide 67150?
True
Is 25 a factor of 1422358?
False
Does 33 divide 269445?
True
Is 1421879 a multiple of 167?
False
Is 16 a factor of 563010?
False
Does 7 divide 962868?
False
Is 701199 a multiple of 3?
True
Is 49 a factor of 1885324?
True
Is 17 a factor of 490729?
False
Is 6 a factor of 924054?
True
Is 2770689 a multiple of 8?
False
Is 450 a multiple of 25?
True
Is 1725522 a multiple of 6?
True
Does 92 divide 98992?
True
Does 238 divide 347242?
True
Does 89 divide 79566?
True
Does 51 divide 2270163?
True
Is 105 a factor of 5647845?
True
Is 4456890 a multiple of 34?
True
Is 867447 a multiple of 63?
True
Is 105 a factor of 16485?
True
Is 60 a factor of 908530?
False
Is 5362786 a multiple of 34?
True
Is 105 a factor of 757470?
True
Is 3359357 a multiple of 7?
False
Is 311 a factor of 65932?
True
Is 13033662 a multiple of 34?
True
Is 55469 a multiple of 43?
False
Is 14 a factor of 2181048?
False
Is 18394716 a multiple of 1467?
False
Is 3035607 a multiple of 59?
False
Is 203805 a multiple of 21?
True
Does 21 divide 88616?
False
Is 2046169 a multiple of 24?
False
Is 82 a factor of 210708?
False
Does 143 divide 590761?
False
Is 5 a factor of 851623?
False
Is 253 a factor of 31746?
False
Is 30 a factor of 347010?
True
Is 150224 a multiple of 66?
False
Is 793836 a multiple of 3?
True
Is 327880 a multiple of 10?
True
Is 512 a factor of 332767?
False